3) + 6.
-6
8 + -3 + (-8 - -1) + 6
4
Calculate -2 - (2 - (3 - -3)).
2
Evaluate 7 + (-4 - -4 - 3).
4
What is the value of 10 - 2 - (5 - 1)?
4
What is (1 - 6 - -1) + (-3 - -3)?
-4
What is the value of (17 - 23) + (0 - -1)?
-5
2 + -2 - (9 - 7)
-2
Evaluate 1 + -1 - 2 - -3.
1
Calculate -2 + 1 + 1 + -12 + 17.
5
What is the value of (1 - (-1 + 1 - -1)) + 4?
4
What is the value of 7 - 0 - 4 - 8?
-5
Evaluate (-12 - 1) + 10 + -3.
-6
What is the value of (189 - 195) + (0 + 2 - -4)?
0
What is (-4 - 0) + 4 + 4?
4
Evaluate 0 + 5 - (6 - -1) - 5.
-7
Calculate 11 + -29 + 8 + 2.
-8
What is the value of 0 + -2 + -12 + 9?
-5
-2 + 3 - (-3 + -4 + 11)
-3
Calculate (22 - 25) + (-1 - (0 - -1)).
-5
Evaluate -2 + (-4 - -4) + 1.
-1
What is 4 - -2 - (6 - 3)?
3
What is the value of (8 - 8) + (6 - 1) - 5?
0
Evaluate (-3 - -6) + -6 - -5.
2
What is -9 + -1 + 18 + -4?
4
What is -4 + 4 + -4 + (0 - -1)?
-3
Calculate -39 - -37 - (0 - 0).
-2
Evaluate 20 + -15 + -2 + 1.
4
Evaluate -7 + (-6 + 8 - -3) + -5.
-7
Calculate (-2 - (-5 + 8)) + 1.
-4
What is the value of 10 + (2 - 7) - 8?
-3
Evaluate (6 + -8 + 3 - -3) + 5.
9
Calculate 4 + (-7 - -4 - -9) + -5.
5
-1 - (2 + -2) - (-7 + 9)
-3
What is the value of -2 + 7 + -4 + -4 + 0?
-3
Evaluate -4 + -1 + 1 + -1 + -2.
-7
What is 5 - ((-5 - 0) + 10)?
0
What is the value of (-14 - -9) + -1 - (3 - 1)?
-8
What is the value of -2 + 4 + 4 + -6?
0
Evaluate (-4 - (0 + -3)) + 6.
5
Evaluate 0 + 0 + 3 + -1 - -3.
5
Calculate 5 + (-15 - -6) + -1 + 0.
-5
What is 0 + ((-11 - -7) + 7 - 3)?
0
Evaluate (3 + 0 - (12 - 9)) + 0.
0
Evaluate 2 - -4 - (-2 + 3).
5
What is 4 - (3 + 3) - -5?
3
Evaluate 4 - (18 - (10 - (2 - -1))).
-7
What is the value of (10 + -19 - 6) + 8?
-7
Calculate 5 + 2 + -5 + (-2 - 1).
-1
Evaluate -2 - ((-5 - -1) + -4).
6
Calculate (22 - 18) + 1 + 0.
5
Evaluate (-1 - -7) + (-1 - 0).
5
-1 - (-2 - -1 - 2 - 0)
2
What is 3 - (-3 - -9 - 6) - -4?
7
-6 + 1 - (38 - 41)
-2
3 + 1 - (7 + (-11 - -15))
-7
7 - (-7 - -15 - 6)
5
-2 + 3 + -5 + 7
3
What is the value of -10 + 7 - (-5 + -1) - -1?
4
Evaluate -3 + -12 + 7 + 12.
4
What is 8 + -1 + -2 - 10?
-5
(36 - 29) + (-1 + 2 - 13)
-5
What is the value of -12 + 14 + (-1 - (4 - 1))?
-2
What is the value of -2 + 7 + (-4 - -5) + -1?
5
Evaluate -3 - 2 - (-3 + -1).
-1
Calculate (0 - -5) + -3 - -4.
6
Evaluate (2 - 4) + 3 - -3.
4
Calculate 6 + (4 + -15 - (3 - 9)).
1
Calculate 0 + (-6 - -5 - -1 - 0).
0
What is -7 - (-5 - (0 + -2 + 0))?
-4
What is the value of (4 - 9) + 4 - 1?
-2
What is 2 + (1 - 7) + 3 + 1?
0
What is the value of 0 - -1 - (-2 - -3) - 2?
-2
Calculate 22 + 4 + (0 - 11) - 7.
8
Calculate -8 + 5 + -12 + 4 + 8.
-3
What is -12 - (2 + -22) - (-1 - -3)?
6
Calculate 1 - ((3 - 2) + -2 + 4).
-2
Calculate -9 - (-24 - (-5 + -6)).
4
Calculate (1 - -1) + (4 - 2) + -5.
-1
What is 6 - 2 - (0 - -9)?
-5
Calculate -4 + 5 + (-22 - -22).
1
14 + (13 - (2 - -16))
9
What is the value of 13 + -14 + (-2 - (7 - 5))?
-5
What is (-2 - 2) + -4 + 6 + 0?
-2
What is the value of (4 - (-5 - -10)) + 5?
4
Calculate -3 + 1 + 0 - -4.
2
Evaluate 3 - (2 - (7 + 0)) - 4.
4
4 - -1 - (50 - 38)
-7
Calculate 3 + (3 - 4) + 1 + 2.
5
Calculate (-3 - -1) + (-35 - -32).
-5
2 + 8 + -14 + -4
-8
Calculate 0 - (1 - (8 + -2)) - -2.
7
Calculate 1 + -1 + 67 + -72.
-5
What is -8 + -9 + -7 + 18?
-6
Calculate -8 - -10 - (2 + -2).
2
What is -4 + 3 + 5 - 0?
4
What is (-3 + (0 - -6) - 4) + -4?
-5
2 + 3 + (13 - 14)
4
What is 4 + 6 + -2 + -11 + 7?
4
(7 - 2) + (63 - 58)
10
What is the value of (2 - (6 - 4 - 3)) + -3?
0
What is -42 + 34 - (1 + (0 - 9))?
0
Evaluate -3 + -9 + 17 - -2.
7
Evaluate 4 + (-8 - (-8 - -4 - -1)).
-1
Evaluate 3 + (-1 - -15) + -12.
5
What is the value of 188 + -192 - (0 + -3)?
-1
Evaluate 7 + (-3 - -3 - 4 - 0).
3
-12 - (14 - 15 - 11)
0
-14 + 19 + 2 + (1 - 3)
5
Evaluate -4 + 1 + 0 - 6.
-9
Evaluate 5 + (2 - 5) - -6 - 3.
5
Calculate 3 + 0 - (50 - 51).
4
Calculate 17 + -27 + (3 - -6).
-1
Calculate (-42 - -34) + (7 - 1).
-2
What is the value of -11 + (16 - (16 - 8))?
-3
Evaluate 79 + -82 + 3 + -1.
-1
What is the value of 0 - (3 - -5) - -12?
4
What is -3 + -4 + 0 - -9?
2
Evaluate (0 + -2 - (0 + -2)) + -2.
-2
Calculate 0 + 0 + (-161 - -158).
-3
Evaluate -5 - (0 + -1 + (-2 - 1)).
-1
4 + (-2 - -2 - 4) - 3
-3
What is the value of 2 + -10 + 6 + -4 + 3?
-3
Evaluate (2 - 0) + (11 - 14).
-1
What is the value of 5 - -1 - 7 - 5?
-6
Evaluate -3 + 1 + (-12 - -13).
-1
Evaluate 0 + -4 - ((-19 - -9) + 8).
-2
What is 0 - ((-101 - -105) + 0 + 1)?
-5
Calculate -5 + 7 + -7 + 3 + 3.
1
Evaluate 5 - (-3 + (8 - 4)).
4
Evaluate 5 - 9 - 1 - -7 - 2.
0
What is -4 - (3 - (5 + -3))?
-5
What is 17 - (5 - (0 - -1)) - 6?
7
What is 6 + (-2 - (-4 - 3)) + -6?
5
Calculate -11 + (15 - (20 + -12)).
-4
Evaluate 94 + -97 + (0 - (0 - 1)).
-2
Calculate 2 - 3 - (-2 + 1 + 6).
-6
What is the value of 2 + (-3 - -1) + 4 + -4?
0
4 - (-3 - -3 - (18 - 13))
9
What is (-23 - -6) + 8 + 6?
-3
Calculate -1 - -2 - (3 - 1 - 6).
5
4 - (4 + -1) - (4 + 1)
-4
Evaluate -62 + 69 - (3 - -9).
-5
What is the value of -7 - -2 - (-13 - -1)?
7
Calculate (-8 + 4 + 1 - 0) + 4.
1
What is the value of 16 + -23 + (-2 - (5 + -11))?
-3
2 + -7 - ((-1 - 4) + 5)
-5
(-6 - -11) + -2 + (-1 - -1)
3
What is 8 - -1 - (2 - -14)?
-7
(-3 - -1) + (2 - 10) + 8
-2
What is 26 - (11 + -7) - 13?
9
Calculate 7 - 1 - (-97 + 105).
-2
What is -1 - (6 - 2 - (0 - -4))?
-1
Evaluate -8 - (-5 + 4 - 4).
-3
2 + 1 + -14 + 16
5
What is the value of -2 + -3 + (-2 - -3)?
-4
What is (-6 - (-22 - -6)) + -7?
3
What is the value of -5 + (-10 - -21) + (1 - 4)?
3
What is (14 - 7) + -13 + -4 - -5?
-5
Calculate 9 + (1 - (14 - -2)).
-6
What is -5 + -8 + 6 + 9?
2
What is the value of 3 - (3 + (-9 - -4) + 3)?
2
Evaluate 5 - ((4 + -2 - 3) + 8).
-2
What is 1 - 3 - (-6 + 1)?
3
Evaluate -1 + 4 + -6 + 4 + 0.
1
Calculate -10 + 12 - (-1 - -2 - 0).
1
What is the value of (6 - 4 - 3) + (2 - -2)?
3
Evaluate -10 - (-5 + 4) - -3.
-6
What is 4 + 4 - 0 - 6?
2
What is -23 + 26 - (2 - 1)?
2
What is (4 - 4) + (39 - 34)?
5
0 - (3 - (-2 + -1 + 3))
-3
Evaluate -6 - (3 - (-6 + 16)).
1
Calculate -4 + (-6 + 4 - -7).
1
Evaluate -13 - (-8 - (-8 + 4 - -3)).
-6
Evaluate 4 + (-5 - -5) + -2.
2
5 - (8 + (5 - -1))
-9
What is (-6 - (10 - 14)) + 1 + 1?
0
What is the value of -4 + 0 + 1 - -5?
2
Calculate -2 + 3 + -7 + 13 + -7.
0
What is the value of (-6 - 1) + 2 + 2 + 3?
0
What is the value of 32 - 10 - 8 - 25?
-11
0 - -1 - (7 - 2)
-4
Calculate -1 - 2 - (-9 + 14 + -6).
-2
Evaluate -4 - -5 - 0 - -4.
5
-15 - -7 - (-3 + -9)
4
What is the value of -3 + 0 + -4 - -4?
-3
What is the value of 10 - (-8 - -4 - -12)?
2
What is (1 + 3 - -5) + -16?
-7
Evaluate 10 - (-4 + 7) - -1 - 4.
4
Calculate -3 + (1 - -1 - (13 + -11)).
-3
Calculate (17 - 14) + (-1 - 0).
2
What is 0 + 3 + (17 - 23)?
-3
Calculate -3 + -13 + 11 + 0.
-5
What is the value of 59 + -63 - ((-2 - -3) + -4)?
-1
-1 + 2 - (14 - (-1 + 19))
5
What is (-9 - (-7 - -1)) + (-5 - 0)?
-8
Evaluate (3 - 0) + (2 - 0).
5
Calculate 12 + (-7 - (-10 + 8)).
7
What is 2 + 5 + -5 + -2?
0
What is the value of -1 + -8 + 22 + -8?
5
Evaluate 0 - (-1 - 10 - -6).
5
What is the value of 4 + -2 - 5 - -1?
-2
Evaluate 5 + (0 - -3 - 7).
1
What is the value of (-3 - -4 - (0 - -1)) + 0?
0
(12 - 3) + 4 + -19
-6
Evaluate -1 - 2 - (0 - (4 + 3)).
4
What is the value of 10 + 0 + (-3 - 0)?
7
Evaluate -4 + (11 + -4 - 3).
0
Evaluate (13 - 4) + (-2 - 2).
5
0 + (2 - (-2 + 8))
-4
Evaluate (-3 - -1 - -8) + -5.
1
What is the value of 0 - (18 + -8 + (-2 - 1))?
-7
Calculate -5 - (14 - 7 - 7).
-5
Evaluate 3 + (-6 - -2) + 3.
2
Evaluate (-1 - -4) + (7 - (-14 + 21)).
3
Evaluate -1 + 4 + -1 + 3.
5
Evaluate (-3 - -7) + (5 - 0) - 3.
6
What is the value of 0 + 3 - (3 + -1)?
1
Calculate 65 + -65 - (-5 - -1).
4
What is 8 - (1 - (-7 - -1))?
1
What is -2 - ((-1 - (3 - 4)) + -2)?
0
Calculate 1 + (-2 - (1 + -4)) + -3.
-1
What is (-5 + -2 - 0) + -18 + 20?
-5
What is (-4 - 6) + -5 + 6?
-9
What is the value of 2 - (-5 + 1 - -4)?
2
What is the value of (10 - (11 - (6 + 0))) + -11?
-6
What is the value of 9 - (14 - (4 + -1 - 9))?
-11
What is -1 + -1 - (7 + -10 - -8)?
-7
Evaluate 165 - 164 - (1 + -4).
4
2 - 5 - (-4 + 0 + 3)
-2
What is -3 - (3 - (3 + 1)) - 3?
-5
What is 0 + -3 - -2 - (-3 + 1)?
1
Evaluate 22 + -21 - (-1 - -1 - 2).
3
-3 - (57 + -49 - (0 - -3))
-8
What is the value of 1 + 4 + 35 + -37?
3
Evaluate 2 - (-1 + -2) - 5